3
Let b(s) = s**3 - 7*s - 3. Let x be b(5). Let k be (-5)/(-10) + 85/2. Let o = x - k. What is the remainder when 173 is divided by o?
41
Let w be 1 + 1 + 20/4. Suppose -428 = -w*v + 419. Suppose z = -q - 2*z + 47, -3*q = 5*z - v. What is the remainder when q is divided by 17?
15
Calculate the remainder when 2807 is divided by (-6)/(-18) + ((-1358)/(-21) - -2) + 5.
71
Suppose 18*l - 207 = 9*l. Let w = -1266 + 1675. Calculate the remainder when w is divided by l.
18
Suppose 5*u + 85 = 5*v + 30, -v + 11 = 3*u. Let o = -27 + 46. What is the remainder when o is divided by v?
8
Suppose -3*m = 3*w - 567, -2*w - 3*m + 18 = -364. Let u = 660 - 668. Calculate the remainder when w is divided by 47 + 8 - (9 + (u - -6)).
41
Suppose 5457480 = -39*h + 249*h. What is the remainder when h is divided by 47?
44
Let k(h) = 49*h**2 + 130*h - 392. What is the remainder when k(3) is divided by 218?
3
What is the remainder when 2006 is divided by (30 - -1)*(-10 + 0 + 90/5)?
22
Let g(x) = -26*x - 4. Let r(b) = 2*b. Let i(d) = 2*g(d) + 28*r(d). Let z = -185 + 198. What is the remainder when i(8) is divided by z?
11
Let r(t) = -t**3 + 83*t**2 + 1951*t - 196. Calculate the remainder when r(102) is divided by 57.
47
Let n = 1777 + -440. Calculate the remainder when n is divided by 84.
77
Let l(a) = -23*a - 48 + 137 + 17 + 104 - a**2. What is the remainder when l(-28) is divided by 36?
34
Let h(d) = -d**2 + 49*d + 1870. Suppose 2*b = 4*r + 46, 3*b + 2*b - 175 = -5*r. Calculate the remainder when h(-22) is divided by b.
29
Let m = -24294 - -24405. Let t = -4 + 6. What is the remainder when m is divided by t?
1
Let f = -80 + 121. What is the remainder when (-1)/(-4*1 + 3244/812) is divided by f?
39
Let v(m) = m**2 + 105*m - 1114. Calculate the remainder when 14290 is divided by v(10).
34
Let a = 22 + -4. Suppose -43*f + 430 - 88 = 127. Calculate the remainder when a is divided by f.
3
Let p = -19 - -1. Let q(v) = v**2 + 17*v - 15. Let x be q(p). What is the remainder when 55 is divided by (-68)/(-12)*3 - x?
13
Let t(w) be the second derivative of 0 + 13*w**2 + 6*w + 2/3*w**3. Calculate the remainder when 2 is divided by t(-6).
0
Suppose 4*a + 521 = 2437. Let q = 23257 - 23177. Calculate the remainder when a is divided by q.
79
Let j(n) = -208*n + 51. What is the remainder when j(0) is divided by 35?
16
Let c be (1/(-3))/(2/(-192)). Suppose -d + 4*m = -1, 4*d + 5*m - 14 = c. Calculate the remainder when 62 is divided by d.
8
Suppose 10*s + 49 - 239 = 0. Let x(q) = -2*q - 6. Let z be x(-4). What is the remainder when (-30)/(6/z)*-3 is divided by s?
11
Suppose 0 = 42*o - 39*o + 3*r - 11625, 4*o + 3*r - 15503 = 0. Calculate the remainder when o is divided by 8.
6
Suppose 0 = -2*i - 5*y - 17, -2 = -3*i + 2*i + y. What is the remainder when 279 is divided by (i/(-2))/(-5*(-4)/1600)?
39
Let j(d) = 6*d + 70. Calculate the remainder when (-12)/(-9)*((-9765)/(-36) + 13) is divided by j(-10).
9
Suppose v + 5*h - 49 = 38, -3*h - 547 = -5*v. Calculate the remainder when v is divided by -4*((-232)/36 - 88/(-198)).
11
Suppose -6*u + 2*u - 48 = 0. Let l = 16 + u. Suppose -3*q + 98 = l*b, 4*q - 52 - 120 = 5*b. What is the remainder when 188 is divided by q?
36
Let d(t) = t**3 - 9*t**2 + 25*t + 32. Let y = -154 + 185. Calculate the remainder when d(7) is divided by y.
16
Let b(d) = -38*d**2 + 1. Let x be b(1). Suppose -41 = 26*y - 27*y. Let q = x + y. What is the remainder when q is divided by 3?
1
Calculate the remainder when 270 is divided by ((-18067)/(-10))/7 - 25/250.
12
Suppose 73476 - 598 = 98*l + 14862. Calculate the remainder when l is divided by 22.
20
Let q(c) = -c**2 + 5*c + 485. What is the remainder when 564 is divided by q(-18)?
67
Suppose -114 = -14*r + 2448. Calculate the remainder when 2378 is divided by r.
182
Let c = 119 + -113. What is the remainder when 3 + c/6 + 56 is divided by 9?
6
Calculate the remainder when (-11583)/(-30) - (7/(-7))/(-10) is divided by 43.
42
Calculate the remainder when (627/1)/((-5)/(-8 + 53)*-9) is divided by 90.
87
Suppose -p - 5 = 0, p + 3*p - 103 = -3*l. Let w = 54 + -4. Let j = w - l. Calculate the remainder when 15 is divided by j.
6
Let i = -10996 + 11205. Calculate the remainder when i is divided by 195.
14
Let p(a) = -80*a - 6. Let v be p(-1). Suppose 4*g + 2*x - 7*x = 39, 5*x = -4*g + 89. What is the remainder when 3441/v*(7/3 - 1) is divided by g?
14
Calculate the remainder when 96 is divided by 1898/78 - ((-18)/(-6) + (-11)/3).
21
Let f(c) = 66*c**2 - 102*c + 210. What is the remainder when f(2) is divided by 40?
30
Suppose -12*w + 6*w = -174. Suppose -w*d - 1089 + 8977 = 0. What is the remainder when d is divided by 55?
52
Let g be 8/(5*6/315). Let t = -38 + g. Suppose 11 + 9 = -5*n, 2*h - 5*n = t. What is the remainder when 63 is divided by h?
11
Let g = -10062 + 10109. What is the remainder when 450 is divided by g?
27
Suppose 53*z - 1841 - 1575 = -8*z. Suppose 25*t = 22*t + 495. What is the remainder when t is divided by z?
53
Let c = -1 - -1. Suppose c = -5*q + 3*k + 41, 10 = 5*q - 3*q + 2*k. What is the remainder when 28 + (35 + -37 - (2/(-2))/1) is divided by q?
6
Suppose -79*b + 144*b - 650 = 0. What is the remainder when 139 is divided by b?
9
Let t = -260 - -437. Let b = -1736 - -1751. What is the remainder when t is divided by b?
12
Suppose -o = -6*o + 20, -h + 5*o = -18. Calculate the remainder when 49 is divided by h.
11
Let y = 66269 + -66215. Suppose 4*a + 218 = 2*b, 4*b - a = 2*a + 421. What is the remainder when b is divided by y?
49
Suppose 60 = 12*r - 8*r. Suppose 6*m - 69 = r. What is the remainder when 207 is divided by m?
11
Suppose 111*a = 494 + 2931 + 1237. Let b = 16 + -11. Suppose 683 = b*u - a. Calculate the remainder when u is divided by 37.
34
Suppose 5*t = 3*v - 8323, -11086 = -46*v + 42*v + t. What is the remainder when v is divided by 348?
335
Let d(q) = 296*q**2 - 2056*q - 8. Calculate the remainder when 398 is divided by d(7).
86
Let m(n) = -254*n + 1149. What is the remainder when m(2) is divided by 127?
6
Suppose -164 + 52 = -4*i. What is the remainder when 651 is divided by i?
7
Let j be 670 + 0/(-1) + 1. Suppose -667*c + j*c - 176 = 0. What is the remainder when c is divided by 15?
14
Let p = -63 - -105. Let s = -39 + p. Let i(l) = 10*l**2 + 7*l - 2. Calculate the remainder when i(s) is divided by 14.
11
Suppose -208*t + 40 = -198*t. Suppose 11*f - t*f - 525 = 0. What is the remainder when f is divided by 42?
33
Let a(l) = -5*l - 16. Let s be (1 - 3)*(-5)/2. Suppose -2*z - 3*z + 37 = 4*x, 0 = s*z + x - 43. What is the remainder when a(-12) is divided by z?
8
Suppose -28 = -11*h + 4*h. Suppose 46 - 118 = -h*y. What is the remainder when 249 is divided by y?
15
Let v = 6 + -6. What is the remainder when (42 + 5)*(v + 1) is divided by 0 + -20*(-5)/10?
7
Let b be (0/2 - 12)*(-60)/80. Let i(h) = -h**3 + 11*h**2 - 14*h + 8. Calculate the remainder when i(b) is divided by 25.
19
Let m(t) = -t**2 - 5*t + 3. Let h be m(-4). Suppose 2*i - 40 = h*i. What is the remainder when 98 is divided by (120/(-21))/(i/28)?
18
Let x(b) = 12*b + 54. Let m be x(-3). What is the remainder when 3*(-5 - (-294)/m) is divided by 4?
2
Suppose 0*r = -2*r - 2*d - 4, -3*d = -3*r. Let s(l) = -25*l**3 + 3*l**2 - 3. What is the remainder when 174 is divided by s(r)?
24
Let i be 0 + -1 + 3 + 1 + 1. Let g be (16/(-10))/(((-32)/60)/i). Suppose 0 = 8*p - g*p + 12. Calculate the remainder when 8 is divided by p.
2
Let w(n) = 3*n**3 + 10*n**2 - 38*n + 4. Calculate the remainder when 327 is divided by w(-5).
51
Suppose 3*l = -3*f + 2262, 16*f = 13*f + 4*l + 2269. What is the remainder when f is divided by 87?
59
Suppose 87*n + 52*n + 59*n = 404514. Calculate the remainder when n is divided by 22.
19
Let a = -11724 - -12233. Calculate the remainder when a is divided by 180.
149
Let v(f) = -16*f - 226. Calculate the remainder when 3204 is divided by v(-15).
12
Let a(i) = 107*i**2 + i - 1. Let k = -205 - -213. Suppose 0 = -k*v + 2*v + 132. Calculate the remainder when a(1) is divided by v.
19
Let m(k) = -k**3 - k**2 - k - 1. Let u be m(-2). Suppose -2*c - 227 = u*g - 76, -8 = -4*c. Let x = g + 48. What is the remainder when 63 is divided by x?
12
What is the remainder when 2246 is divided by (-1 - 29)*240/(-288)?
21
Let n = -306 + 608. L